 15.
7730
What is -1634 (base 9) in base 14?
-650
-4600 (base 8) to base 6
-15132
What is 7b7 (base 15) in base 3?
2101201
-2296 (base 10) to base 5
-33141
What is 231b (base 16) in base 15?
29e2
What is 321 (base 6) in base 16?
79
Convert aa0 (base 12) to base 10.
1560
What is -44501 (base 8) in base 6?
-222453
What is -2491 (base 10) in base 11?
-1965
What is -12525 (base 7) in base 8?
-6427
Convert 4c4 (base 13) to base 8.
1504
What is 144272 (base 8) in base 12?
258a2
What is 3463 (base 8) in base 2?
11100110011
What is -1145 (base 9) in base 16?
-353
What is 1241 (base 8) in base 13?
3ca
-11000 (base 4) to base 12
-228
Convert -1230011 (base 4) to base 3.
-100111012
Convert 117 (base 9) to base 7.
166
-3540 (base 10) to base 16
-dd4
What is 7346 (base 8) in base 6?
25354
What is 10102202 (base 3) in base 9?
3382
-10a24 (base 13) to base 15
-8e8b
What is 413 (base 10) in base 5?
3123
What is 1418 (base 14) in base 10?
3550
What is 505401 (base 7) in base 11?
59634
5445 (base 6) to base 9
1642
-22000 (base 5) to base 14
-792
-10c7 (base 13) to base 16
-938
-13342 (base 5) to base 8
-2111
What is -7262 (base 11) in base 8?
-22633
Convert 105321 (base 7) to base 15.
5809
-101010011010101 (base 2) to base 13
-9b67
Convert a6 (base 15) to base 16.
9c
-10202012 (base 3) to base 11
-2064
Convert 24114 (base 6) to base 9.
4721
624 (base 15) to base 12
974
What is 2501 (base 7) in base 2?
1110100100
-38 (base 12) to base 3
-1122
What is 1021022201 (base 3) in base 7?
132643
What is -101000100001 (base 2) in base 15?
-b7d
Convert 13c (base 15) to base 14.
162
What is -206 (base 12) in base 10?
-294
Convert -12220201 (base 3) to base 7.
-15400
-207 (base 8) to base 5
-1020
-9213 (base 10) to base 11
-6a16
2a47 (base 14) to base 10
7511
What is -584 (base 10) in base 6?
-2412
23101 (base 4) to base 7
2050
Convert -7a8 (base 12) to base 16.
-470
What is -62031 (base 8) in base 2?
-110010000011001
What is 31133 (base 4) in base 6?
3555
Convert -121121100 (base 3) to base 5.
-341410
Convert 1111111010101 (base 2) to base 11.
6139
-112e (base 16) to base 7
-15552
10424 (base 6) to base 12
a14
Convert 1134 (base 15) to base 16.
e41
What is 313003 (base 4) in base 3?
11211111
What is -63454 (base 7) in base 15?
-499a
111111100110 (base 2) to base 7
14603
Convert -103 (base 8) to base 2.
-1000011
Convert 55354 (base 6) to base 2.
1111000010110
-3221 (base 5) to base 16
-1b4
-1111100010011010 (base 2) to base 7
-353355
-1330 (base 6) to base 15
-17c
What is -48ad (base 15) in base 12?
-8b47
1000 (base 6) to base 3
22000
112021 (base 7) to base 4
10313011
What is -402a (base 13) in base 14?
-3304
Convert 232 (base 14) to base 8.
664
Convert -16b6 (base 14) to base 11.
-307a
Convert a2 (base 11) to base 12.
94
1100010100 (base 2) to base 3
1002012
-1000210 (base 3) to base 16
-2ee
What is 4787 (base 9) in base 13?
1810
What is -77 (base 14) in base 6?
-253
What is -10123301 (base 4) in base 3?
-220220122
Convert 505414 (base 6) to base 5.
2240424
Convert -245 (base 9) to base 8.
-313
Convert 1647 (base 9) to base 11.
a44
What is -a3a (base 15) in base 8?
-4401
Convert 100325 (base 6) to base 7.
32015
What is 110010120 (base 3) in base 11?
6710
What is -9053 (base 10) in base 4?
-2031131
Convert -56644 (base 7) to base 8.
-34065
Convert -62884 (base 9) to base 15.
-c49d
-4330 (base 5) to base 10
-590
-b69 (base 16) to base 7
-11342
What is -12203000 (base 4) in base 8?
-64300
What is -4946 (base 10) in base 15?
-16eb
Convert 38ec (base 16) to base 15.
44b7
Convert -2e7f (base 16) to base 11.
-8a41
What is 111010010011 (base 2) in base 4?
322103
What is 22532 (base 8) in base 13?
4477
Convert -20121212 (base 3) to base 15.
-166e
What is 10002120002 (base 3) in base 13?
21959
-114 (base 5) to base 10
-34
What is 1122330 (base 4) in base 7?
22653
Convert 65802 (base 9) to base 7.
241202
What is -12513 (base 9) in base 12?
-4a70
What is -12454 (base 11) in base 5?
-1032341
What is -6762 (base 10) in base 14?
-2670
What is -10d57 (base 16) in base 5?
-4201301
-33310 (base 5) to base 11
-1829
-8945 (base 11) to base 3
-121011112
403403 (base 5) to base 16
32b2
Convert 116d (base 15) to base 5.
104303
Convert 257 (base 14) to base 2.
111010101
Convert 6899 (base 11) to base 7.
35264
-21111001 (base 3) to base 14
-1db9
Convert -34663 (base 9) to base 16.
-5a66
161b (base 14) to base 9
5363
e314 (base 15) to base 11
33026
Convert -16433 (base 8) to base 5.
-214301
Convert 101001001 (base 3) to base 10.
7318
Convert 5b9 (base 12) to base 11.
713
-1032 (base 5) to base 4
-2032
What is 1259 (base 10) in base 5?
20014
1532 (base 6) to base 14
21a
-11774 (base 10) to base 4
-2313332
What is -26 (base 10) in base 3?
-222
-3 (base 12) to base 8
-3
Convert -1a0 (base 14) to base 15.
-176
What is 7887 (base 14) in base 13?
9684
What is 58205 (base 11) in base 2?
10100100010000100
-4344 (base 6) to base 15
-46a
-143443 (base 5) to base 13
-2a30
What is -755 (base 12) in base 6?
-4545
Convert -8c17 (base 14) to base 7.
-130630
-10020220100 (base 3) to base 2
-1111101001010000
What is -2727 (base 9) in base 16?
-802
Convert -1521 (base 8) to base 9.
-1143
What is -3900 (base 11) in base 10?
-5082
-2014 (base 12) to base 6
-24024
-433 (base 9) to base 8
-542
-113200 (base 4) to base 12
-a54
What is -161546 (base 7) in base 12?
-1650b
Convert 57 (base 8) to base 2.
101111
What is 4b4 (base 12) in base 16?
2c8
-1133120 (base 4) to base 8
-13730
Convert -220011 (base 3) to base 13.
-3b2
Convert 14332 (base 6) to base 11.
17a0
What is -701 (base 14) in base 3?
-1212212
Convert -6d68 (base 14) to base 10.
-19104
253215 (base 7) to base 8
133246
Convert -66 (base 14) to base 3.
-10100
Convert -772 (base 9) to base 11.
-525
What is 20737 (base 9) in base 8?
32633
Convert 298 (base 11) to base 14.
1ad
Convert -2363 (base 11) to base 9.
-4217
-10100001 (base 2) to base 15
-ab
What is 1043 (base 10) in base 3?
1102122
-105 (base 11) to base 4
-1332
What is -3011 (base 5) in base 13?
-234
-a0 (base 12) to base 16
-78
1bbb (base 16) to base 11
5374
Convert 200221 (base 3) to base 4.
13333
What is a39 (base 11) in base 5?
20002
-1747 (base 10) to base 9
-2351
What is -5486 (base 10) in base 15?
-195b
What is -3519 (base 11) in base 7?
-16315
Convert -1749 (base 10) to base 14.
-8cd
Convert 110221122 (base 3) to base 10.
9440
11405 (base 7) to base 3
11001002
Convert -a0 (base 12) to base 14.
-88
Convert 113455 (base 6) to base 2.
10011010101011
Convert 714 (base 8) to base 2.
111001100
Convert -130210 (base 5) to base 12.
-2b13
-6201 (base 14) to base 6
-210013
Convert -13878 (base 9) to base 7.
-36413
-20220012 (base 3) to base 6
-35135
-422661 (base 7) to base 16
-11d5d
What is -17621 (base 9) in base 14?
-4613
Convert -77321 (base 9) to base 13.
-1a467
Convert 2210110 (base 3) to base 7.
5640
Convert 10012002 (base 3) to base 6.
14432
Convert -680 (base 10) to base 13.
-404
Convert 110001110011 (base 2) to base 16.
c73
1103 (base 7) to base 14
203
What is 517 (base 14) in base 4?
33221
1481 (base 10) to base 11
1127
10010110001100 (base 2) to base 14
3708
Convert 1001233 (base 4) to base 3.
12202211
4573 (base 10) to base 6
33101
Convert -2234 (base 5) to base 7.
-634
11011001111 (base 2) to base 5
23433
What is 12a7 (base 11) in base 16?
69a
Convert -1290 (base 14) to base 16.
-cbe
-103be (base 15) to base 7
-303041
-11102201 (base 3) to base 7
-12265
Convert 665 (base 7) to base 3.
110122
What is 236056 (base 7) in base 3?
2011212111
What is -b97 (base 12) in base 8?
-3243
6054 (base 10) to base 4
1132212
What is -a0ca (base 13) in base 12?
-10988
-8991 (base 10) to base 11
-6834
What is -4714 (base 8) in base 6?
-15340
What is 100010001 (base 2) in base 15?
133
What is 23344 (base 8) in base 10?
9956
Convert -a4b9 (base 13) to base 16.
-590e
10220000 (base 3) to base 2
101100010011
-1000010110001111 (base 2) to base 12
-17953
1122 (base 4) to base 5
330
-33150 (base 6) to base 7
-16263
What is 1364 (base 10) in base 15?
60e
131120 (base 4) to base 9
2518
Convert 233433 (base 5) to base 3.
102211012
What is 3de (base 15) in base 14?
472
What is 1101110001111 (base 2) in base 6?
52355
Convert -28bf (base 16) to base 9.
-15270
1013031 (base 4) to base 16
11cd
What is 1102021 (base 3) in b